. Let g be 2/j - 21/(-6). Suppose -2*m + g*m = 50. What are the prime factors of m?
2, 5
Let b(w) = -2*w - 23. Let v be b(-9). Let i(x) = x**3 + 8*x**2 + 4*x - 12. List the prime factors of i(v).
43
Let l(s) = s**2 + 3 + 0 - 1 + 2*s + s. Let w be l(6). Suppose 64 = 4*n - w. List the prime factors of n.
2, 3, 5
Let f(u) = u**2 - 26*u - 23. Let b be f(27). List the prime factors of b/30 + 10608/90 + 3.
11
Suppose -11*n - 80 = -15*n. Suppose -2*g + 25 = -5*o - 476, n = 4*o. List the prime factors of g.
263
Suppose 4*q = 8, 0*j - 2*q = 5*j - 774. What are the prime factors of j?
2, 7, 11
Let g(j) = j**3 - 3*j**2 + 3. Let z be g(3). Suppose -z*p - p = 0. Let f = 9 - p. What are the prime factors of f?
3
What are the prime factors of 9*(-8)/12 + (6 - -1098)?
2, 3, 61
Suppose 0 = -5*w + g + 13 + 14, 19 = 5*w + 3*g. Suppose -4*z = -9*z - w*r - 210, 49 = -2*z + 5*r. Let p = z + 53. What are the prime factors of p?
2
Suppose 2*l = -v - 3, -l = -4*l + 2*v - 8. What are the prime factors of (88/12)/(l/(-15))?
5, 11
Suppose 1 = -j + 3. Let k(q) = q. Let w be k(0). Suppose j*x = -w*x + 26. What are the prime factors of x?
13
Suppose -2*q + 1008 = 2*p, -4*p + 1121 = -3*q - 916. List the prime factors of p.
3, 13
Suppose -4*g = -5*p - 625, 0*g + 3*p - 585 = -4*g. List the prime factors of g.
2, 3, 5
Suppose -2*v - 901 + 4575 = 0. What are the prime factors of v?
11, 167
Let c(i) = i**2 - 6*i + 5. Let w be (1 + -2)/(5/45). Let s be c(w). Suppose -s = -4*q + 4*v, q = -2*q + 4*v + 108. List the prime factors of q.
2
Suppose -4*h - 3*n = -0*n - 261, 0 = -2*h + 4*n + 136. Let q = h + -40. Let u = q + -9. What are the prime factors of u?
17
What are the prime factors of (-2*(622/4 + 1))/(-1)?
313
Let b(f) = -f**2 + 3*f + 187. Suppose -7*m = m. What are the prime factors of b(m)?
11, 17
List the prime factors of (-16110)/(-20) - -2*(-3)/12.
5, 7, 23
Suppose 0 = 3*g - 27. Suppose 3*m - 2076 = -g*m. List the prime factors of m.
173
Let v(f) = -f**2 - 7*f - 3. Let j(h) be the second derivative of -h**4/12 + 2*h**2 + 4*h. Let t be j(-3). What are the prime factors of v(t)?
7
Let a(i) = -i**3 + 2*i**2 + 4*i + 278. What are the prime factors of a(0)?
2, 139
Let y(l) = l**3 + 3*l**2 - 2*l + 11. Let v be y(-4). Suppose -69 = -v*p + 2*p. List the prime factors of p.
3, 23
Suppose -k = -649 - 525. Suppose 1674 + k = 16*a. What are the prime factors of a?
2, 89
Let q(v) = 8*v**2 - 19*v + 52. What are the prime factors of q(9)?
23
List the prime factors of -4*(-5 + -473) + (-1 - 6).
3, 5, 127
Suppose 39*r - 24309 = -2586. List the prime factors of r.
557
Suppose -q + 263 = 3*r, -q + 76 - 335 = -3*r. Let m = 15 - -6. Suppose m = 2*s - r. List the prime factors of s.
2, 3
Suppose -5*v = -5648 + 1398. List the prime factors of v.
2, 5, 17
Suppose 3*v + 2*h = h + 15, 2*v + 5*h + 3 = 0. Suppose 3*g - 40 = 4*k, -4*g + 44 = -5*k - v. List the prime factors of (10/(-8))/(k/240).
2, 3, 5
Let r be (-160)/90 + 4/(-18). List the prime factors of (-110)/r - (7 - 3).
3, 17
Let y(z) = z**3 + 12*z**2 - 16*z + 60. List the prime factors of y(-11).
3, 7, 17
Suppose 30*v - 22862 = 28618. List the prime factors of v.
2, 3, 11, 13
Suppose s = -0*s + 23. Suppose 2*h = 3 + s. What are the prime factors of h?
13
Let a(r) = 261*r**2 - 4*r - 1. Let l(g) = 2*g**3 + 2*g**2 + g. Let y be l(-1). What are the prime factors of a(y)?
2, 3, 11
Let z(d) = 120*d - 686. List the prime factors of z(48).
2, 43, 59
Let a = 22 - 2. What are the prime factors of (136/6)/(a/30)?
2, 17
Suppose -5*o - 75 + 3357 = 2*k, -2*o - 6564 = -4*k. List the prime factors of k.
3, 547
Suppose 10*c + 54 = 13*c. Let j be c + -4 + -3 + 1. List the prime factors of j/(4/1 - 2).
2, 3
Let c = -54 - 87. Let b = c + 227. List the prime factors of b.
2, 43
What are the prime factors of 756/(-48)*(-2)/3*10?
3, 5, 7
Let h = -12 + 311. Let t = -200 + h. What are the prime factors of t?
3, 11
Let n = -233 - -314. What are the prime factors of n?
3
Let c(q) = 3*q**3 + 10*q**2 - 16*q + 35. Let y(u) = 2*u**3 + 7*u**2 - 11*u + 23. Let s(j) = 5*c(j) - 7*y(j). What are the prime factors of s(0)?
2, 7
Let v(w) = 2*w**2 - 2*w - 3. Let k be v(-2). Suppose k*g = 4*g + 30. Suppose 5*z - 99 = g. What are the prime factors of z?
3, 7
Suppose -2*w = -7*w, -n - w = 31. Let i = 29 - n. What are the prime factors of i?
2, 3, 5
Let u(g) = 24*g**2 + 2*g - 2. Let o be u(2). Suppose 0 = -5*l + o - 23. List the prime factors of (-14)/(-3)*(-3 + l).
2, 7
Suppose -3*t = -6*t + 33. Let y = 5 - t. Let z = y + 19. List the prime factors of z.
13
Let i = -23 - -22. Let n(u) = -u**2 - u + 1. Let c(g) = -60*g**2 - 2*g + 4. Let s(q) = -c(q) + 3*n(q). List the prime factors of s(i).
3, 19
Suppose -2232 = -7*r + 3*r. List the prime factors of ((-3)/9)/((-6)/r).
31
List the prime factors of -3967*(-9)/(-18)*-2.
3967
Let o = -18 - -7. Let m = o - -16. List the prime factors of m.
5
Let v be 8/6*6/4. What are the prime factors of 125/v*48/40?
3, 5
Let n = 34 - 20. What are the prime factors of (-1970)/(-35) + (-4)/n?
2, 7
Let z(t) = 5*t + 12. Let g be -4*((-4)/4 - 0). Let o be z(g). Suppose -5*s = -o - 128. List the prime factors of s.
2
What are the prime factors of (240/72)/((-1)/(-174) - 0)?
2, 5, 29
Let q be -46*(0/(-4) + 1). Let s = q - -67. What are the prime factors of s?
3, 7
Suppose -3*j + 5*n = 2*n - 471, 2*n - 4 = 0. Suppose 477 = 3*g + j. Suppose -g - 122 = -4*q. What are the prime factors of q?
3, 19
Suppose -2*a - 4 = -72. Let o be -10*10/(-75) - 2/(-3). Suppose o*f = -4 + a. List the prime factors of f.
3, 5
Let g be (3 + (-30)/9)*-45. Let r = -18 + g. Let m(z) = z**3 + 2*z**2 - 3*z + 2. List the prime factors of m(r).
2
Suppose 18*v + 1391 = 2*z + 17*v, 0 = -4*v + 20. What are the prime factors of z?
2, 349
Let x(s) be the third derivative of s**5/60 - 4*s**3/3 + s**2. Let a = -411 - -415. What are the prime factors of x(a)?
2
Let p be (8/(-3))/((-18)/27). Suppose -3*j + 208 = -p*v, 0 = -4*j - 4*v + 6*v + 264. Suppose -j = -3*a - 25. What are the prime factors of a?
13
Suppose -22 = -g - 20. Suppose 3*r = -g*r - 60. What are the prime factors of (r/1)/((-26)/13)?
2, 3
Let s(h) = -2*h + 23. Suppose -4*o + 2*a = 44, 0 = o + 3*a + 2*a. What are the prime factors of s(o)?
43
Suppose -5*g = 5*w + 625, -2*w + g = -0*w + 262. List the prime factors of (-1)/(1/w*1).
3, 43
Suppose 596 = -32*d + 2004. What are the prime factors of d?
2, 11
Let o = 337 - 627. List the prime factors of (6/2)/((-15)/o).
2, 29
Let z(y) = -y - 8. Let c be z(0). Let v(u) be the third derivative of -u**4/12 - u**3 + 6*u**2. What are the prime factors of v(c)?
2, 5
Let n(c) = 207*c - 199. List the prime factors of n(4).
17, 37
Let c = 4591 - 1072. What are the prime factors of c?
3, 17, 23
Let d = 19 - 4. Let r = -17 + d. What are the prime factors of 2/(r + (-192)/(-94))?
47
Let u = 209 + 357. List the prime factors of u.
2, 283
Suppose 1793*v - 1801*v = -15680. List the prime factors of v.
2, 5, 7
Suppose 17 + 127 = 4*b. Let z be (4/6)/((-2)/b). Let d = 32 - z. What are the prime factors of d?
2, 11
Suppose 214 - 1966 = -12*p. List the prime factors of p.
2, 73
Let l(v) = 3*v - 55. Let b be l(19). Suppose b*q - 185 = -3*q. What are the prime factors of q?
37
Let r(t) = -t + 1. Let n(y) = -16*y + 12. Let g(i) = -3*n(i) + 21*r(i). What are the prime factors of g(9)?
2, 3, 19
Let u = -97 - -55. Let t = 80 + u. List the prime factors of t.
2, 19
Let j(b) = -36*b**3 + 2*b**2 - 2*b + 1. Let i be j(1). Let k = i + 25. Let x(n) = -n + 18. List the prime factors of x(k).
2, 7
Let v = 21 + -20. Let o(b) = -81*b - 1 + 82*b - v + 2*b**2 - 2*b**3. What are the prime factors of o(-2)?
2, 5
Let f(z) = -z**3 - 11*z**2 - 26*z - 10. Let g be f(-8). Suppose -2*i + 7*v - g*v = -308, -i + 136 = -5*v. What are the prime factors of i?
2, 3, 13
Suppose 7*j = 258 + 141. List the prime factors of j.
3, 19
List the prime factors of 65/(35/(-10) - -4).
2, 5, 13
Suppose -4*u - 4*o = -10140, 0*u + 2*u + 5*o - 5061 = 0. Suppose -7*f = -u + 298. Suppose q - 2*a + 310 = 6*q, 0 = -5*q - 4*a + f. List the prime factors of q.
2, 3, 5
Suppose a - 1379 = -a + w, -5*a = w - 3444. List the prime factors of a.
13, 53
Suppose 0 = 5*t + 5*h + 45, 3*h + h + 16 = 0. Let f be 8/20 - 13/t. List the prime factors of (-5)/((2 - 5)/f).
5
Let 